{"id":2,"date":"2011-05-20T08:03:17","date_gmt":"2011-05-20T08:03:17","guid":{"rendered":"http:\/\/www.tanzraum-mieten.de\/wordpress\/?page_id=2"},"modified":"2021-10-15T09:28:36","modified_gmt":"2021-10-15T09:28:36","slug":"sample-page","status":"publish","type":"page","link":"https:\/\/www.tanzraum-mieten.de\/","title":{"rendered":"<strong>HOME<\/strong>"},"content":{"rendered":"<p><span style=\"color: #000000;\"><strong><span style=\"text-decoration: underline;\">MIETEN SIE UNSERE R\u00c4UMLICHKEITEN!!!<\/span><\/strong><\/span><\/p>\n<p><span style=\"color: #000000;\">Willkommen bei Tanzraum Mieten Frankfurt,<\/span><\/p>\n<p><span style=\"color: #000000;\">Sind Sie auf der Suche nach einem passenden Raum f\u00fcr z.B. Kurse, Workshops, Veranstaltungen u.v.m.?<\/span><br \/>\n<span style=\"color: #000000;\">Dann sind Sie hier genau richtig! Mieten Sie unsere R\u00e4ume!<\/span><\/p>\n<p><span style=\"color: #000000;\">Vereinbaren Sie heute noch einen Besichtigungstermin!!!<\/span><\/p>\n<p><iframe loading=\"lazy\" title=\"YouTube video player\" src=\"https:\/\/www.youtube.com\/embed\/pzFXS-OMYlk\" width=\"560\" height=\"315\" frameborder=\"0\" allowfullscreen=\"allowfullscreen\"><\/iframe><\/p>\n","protected":false},"excerpt":{"rendered":"<p>MIETEN SIE UNSERE R\u00c4UMLICHKEITEN!!! Willkommen bei Tanzraum Mieten Frankfurt, Sind Sie auf der Suche nach einem passenden Raum f\u00fcr z.B. Kurse, Workshops, Veranstaltungen u.v.m.? Dann sind Sie hier genau richtig! Mieten Sie unsere R\u00e4ume! Vereinbaren Sie heute noch einen Besichtigungstermin!!!<\/p>\n","protected":false},"author":1,"featured_media":0,"parent":0,"menu_order":0,"comment_status":"closed","ping_status":"closed","template":"","meta":{"footnotes":""},"_links":{"self":[{"href":"https:\/\/www.tanzraum-mieten.de\/index.php?rest_route=\/wp\/v2\/pages\/2"}],"collection":[{"href":"https:\/\/www.tanzraum-mieten.de\/index.php?rest_route=\/wp\/v2\/pages"}],"about":[{"href":"https:\/\/www.tanzraum-mieten.de\/index.php?rest_route=\/wp\/v2\/types\/page"}],"author":[{"embeddable":true,"href":"https:\/\/www.tanzraum-mieten.de\/index.php?rest_route=\/wp\/v2\/users\/1"}],"replies":[{"embeddable":true,"href":"https:\/\/www.tanzraum-mieten.de\/index.php?rest_route=%2Fwp%2Fv2%2Fcomments&post=2"}],"version-history":[{"count":32,"href":"https:\/\/www.tanzraum-mieten.de\/index.php?rest_route=\/wp\/v2\/pages\/2\/revisions"}],"predecessor-version":[{"id":136,"href":"https:\/\/www.tanzraum-mieten.de\/index.php?rest_route=\/wp\/v2\/pages\/2\/revisions\/136"}],"wp:attachment":[{"href":"https:\/\/www.tanzraum-mieten.de\/index.php?rest_route=%2Fwp%2Fv2%2Fmedia&parent=2"}],"curies":[{"name":"wp","href":"https:\/\/api.w.org\/{rel}","templated":true}]}}